
Is 242 a factor of 965762710?
True
Does 10 divide 2082924651?
False
Is 611 a factor of 179823348?
False
Does 394 divide 2738417883?
False
Does 351 divide 34317410?
False
Does 605 divide 9070341?
False
Does 977 divide 277988741?
True
Is 23772892 a multiple of 676?
True
Is 368 a factor of 221257330?
False
Is 27 a factor of 781105808?
False
Is 3482 a factor of 1718898690?
False
Is 508 a factor of 21648480?
False
Does 4 divide 249069977?
False
Does 12 divide 3595522686?
False
Does 29 divide 1753547244?
False
Does 26 divide 2562711216?
True
Is 36 a factor of 13905391?
False
Is 4947 a factor of 627544353?
False
Does 78 divide 416776464?
True
Is 633 a factor of 268071069?
True
Does 49 divide 3509394?
False
Is 1132 a factor of 4047951628?
True
Is 6286018 a multiple of 977?
True
Is 621 a factor of 18052470?
True
Is 727923711 a multiple of 4623?
True
Is 1114786066 a multiple of 4891?
True
Is 58837400 a multiple of 7400?
True
Does 1994 divide 1098687587?
False
Is 74788263 a multiple of 8?
False
Is 24627265 a multiple of 18?
False
Is 7 a factor of 20820002?
True
Is 226 a factor of 160741378?
False
Is 12527899 a multiple of 121?
False
Is 6495068 a multiple of 157?
False
Is 145307350 a multiple of 185?
False
Is 27 a factor of 3153203?
False
Is 1100819 a multiple of 8?
False
Does 15 divide 3261298339?
False
Does 19 divide 768715813?
True
Is 47 a factor of 397430637?
True
Does 10 divide 70978612?
False
Does 525 divide 581802900?
True
Does 354 divide 60097872?
True
Is 909 a factor of 107044165?
False
Is 1546336092 a multiple of 42?
True
Is 889 a factor of 35836479?
True
Is 125077968 a multiple of 272?
False
Is 14665835 a multiple of 252?
False
Is 47795733 a multiple of 86?
False
Is 408688290 a multiple of 407?
False
Is 21151068 a multiple of 40?
False
Is 152 a factor of 329693472?
True
Is 607 a factor of 1011073869?
False
Does 81 divide 114444807?
False
Is 531899439 a multiple of 1789?
False
Does 455 divide 181468105?
True
Does 84 divide 666259656?
False
Does 162 divide 1640802361?
False
Does 123 divide 385182034?
False
Is 275069328 a multiple of 82?
True
Is 2046 a factor of 3007159482?
False
Is 546 a factor of 2689596?
True
Is 37 a factor of 36488401?
True
Does 69 divide 177861645?
True
Is 12 a factor of 300842940?
True
Is 610967833 a multiple of 1399?
False
Is 61189728 a multiple of 16?
True
Does 188 divide 104675956?
True
Does 306 divide 4430880?
True
Is 4499253 a multiple of 135?
False
Does 111 divide 29196774?
True
Does 302 divide 84292730?
True
Is 108 a factor of 218804544?
True
Is 286494040 a multiple of 2355?
False
Is 5492742234 a multiple of 7?
True
Is 987 a factor of 3019612995?
True
Does 125 divide 911111000?
True
Is 267 a factor of 32566257?
True
Is 2791507037 a multiple of 167?
True
Is 532 a factor of 4891740?
True
Is 47403726 a multiple of 278?
True
Is 343869312 a multiple of 2504?
True
Does 77 divide 674231866?
True
Does 3914 divide 15979538?
False
Does 1585 divide 35526190?
True
Does 7548 divide 2357569731?
False
Is 41 a factor of 167917452?
False
Is 118105822 a multiple of 14?
False
Does 82 divide 41559142?
False
Is 408 a factor of 647241816?
True
Does 7 divide 21644138?
False
Is 488 a factor of 88830152?
True
Is 2328693 even?
False
Is 453 a factor of 423963707?
False
Does 53 divide 246558756?
True
Is 273404157 a multiple of 45?
False
Does 2062 divide 22908939?
False
Is 2521 a factor of 760285476?
False
Is 4715273 a multiple of 10?
False
Does 18 divide 325754?
False
Is 857367885 a multiple of 57?
False
Does 1023 divide 921856623?
False
Is 109715310 a multiple of 4344?
False
Is 7 a factor of 681296?
True
Is 199299900 a multiple of 6?
True
Is 194 a factor of 35156086?
False
Is 62 a factor of 88235025?
False
Does 8 divide 253777491?
False
Does 14 divide 283249260?
True
Does 220 divide 72991076?
False
Is 2586 a factor of 114570988?
False
Does 284 divide 4835668?
True
Does 19 divide 64466178?
False
Is 89 a factor of 48592932?
True
Is 3 a factor of 26591532?
True
Does 158 divide 79318212?
True
Is 11502648 a multiple of 244?
True
Is 11 a factor of 2888809803?
True
Does 39 divide 26513370?
True
Does 512 divide 140362752?
True
Is 660464351 a multiple of 45?
False
Is 106 a factor of 119650998?
True
Is 1328 a factor of 424680668?
False
Is 188 a factor of 63107652?
True
Does 17 divide 362239502?
True
Is 540 a factor of 351995162?
False
Does 12 divide 88915455?
False
Does 944 divide 25511600?
True
Is 74 a factor of 381981044?
True
Is 18 a factor of 260898174?
True
Is 414297690 a multiple of 30?
True
Is 1795 a factor of 1791744051?
False
Is 311789602 a multiple of 74?
True
Does 1147 divide 393777954?
False
Does 362 divide 10124054?
True
Is 65 a factor of 15953577?
False
Is 27 a factor of 555951789?
True
Is 165 a factor of 16427565?
True
Is 13 a factor of 11282934?
True
Is 805 a factor of 4589049442?
False
Does 12 divide 4321843728?
True
Is 13 a factor of 15892748?
False
Is 3422 a factor of 180127236?
True
Is 35 a factor of 94186540?
True
Is 672 a factor of 2277258144?
True
Is 1532309839 a multiple of 151?
False
Is 20 a factor of 150122916?
False
Is 2663 a factor of 438407027?
True
Is 1036 a factor of 201365248?
True
Is 204 a factor of 27473861?
False
Is 277566393 a multiple of 175?
False
Is 938355 a multiple of 68?
False
Is 490 a factor of 184996914?
False
Does 44 divide 741384270?
False
Is 40195040 a multiple of 20?
True
Does 6 divide 383939664?
True
Is 13128583 a multiple of 787?
False
Does 19 divide 38303325?
False
Is 432908925 a multiple of 15?
True
Does 206 divide 1511339730?
False
Does 5 divide 38856600?
True
Is 18 a factor of 43013871?
False
Is 1498 a factor of 4144934?
False
Is 223696190 a multiple of 10?
True
Is 50479239 a multiple of 1777?
True
Is 4417 a factor of 45975747?
False
Does 1308 divide 6728965?
False
Is 62 a factor of 2674420282?
True
Does 47 divide 4911032?
False
Is 36 a factor of 171472760?
False
Is 18576150 a multiple of 2950?
True
Is 88366744 a multiple of 747?
False
Is 8128978 a multiple of 1322?
True
Is 2287 a factor of 168270599?
True
Is 1040 a factor of 226261360?
True
Does 92 divide 56749832?
True
Is 102319668 a multiple of 34?
True
Is 2574301 a multiple of 9?
False
Is 22 a factor of 37399404?
False
Is 2 a factor of 18862679?
False
Is 962 a factor of 30744558?
True
Is 683 a factor of 2049185948?
False
Is 837 a factor of 27098712?
True
Is 29 a factor of 33318588?
False
Is 3478481 a multiple of 2293?
True
Is 1097055652 a multiple of 217?
True
Does 8 divide 171727192?
True
Is 810950 a multiple of 39?
False
Does 15 divide 16664370?
True
Does 302 divide 1532724896?
True
Does 392 divide 6029045?
False
Does 67 divide 6907902398?
False
Is 131589360 a multiple of 3?
True
Does 168 divide 175666008?
True
Is 983 a factor of 95454254?
False
Is 526267163 a multiple of 3473?
True
Does 8 divide 58209776?
True
Is 439744464 a multiple of 2653?
False
Does 7 divide 311476090?
False
Is 207269848 a multiple of 604?
True
Is 23 a factor of 8095494?
True
Does 31 divide 22965668?
True
Is 135606673 a multiple of 193?
False
Is 18 a factor of 3841005?
False
Is 376045764 a multiple of 12?
True
Does 439 divide 8897213?
True
Does 12 divide 1626029646?
False
Does 114 divide 111497016?
True
Does 9 divide 197578656?
True
Is 432 a factor of 1007061640?
False
Is 122 a factor of 14763830?
True
Is 252 a factor of 1356430824?
True
Does 2144 divide 44116574?
False
Does 118 divide 32785299?
False
Does 1627 divide 196536342?
False
Does 2927 divide 31535498?
True
Is 79 a factor of 3920445?
False
Does 4 divide 7969907?
False
Is 4485836648 a multiple of 136?
True
Does 2193 divide 159036360?
True
Does 25 divide 638372325?
True
Is 284 a factor of 254881049?
False
Does 3138 divide 506322942?
False
Does 51 divide 250082581?
False
Does 333 divide 18808506?
True
Is 10 a factor of 57612320?
True
Is 6788 a factor of 61614676?
True
Is 227640352 a multiple of 34?
False
Is 135 a factor of 3071968269?
False
Is 133 a factor of 592914?
True
Is 597585 a multiple of 88?
False
Is 15648877 even?
False
Does 669 divide 558343012?
False
Does 15 divide 6879942?
False
Does 72 divide 2139880752?
True
Is 5594 a factor of 1299268034?
True
Does 33 divide 3720966645?
True
Is 364 a factor of 1311991044?
True
Is 31373166 a multiple of 4?
False
Does 153 divide 603691310?
False
Is 58378770 a multip